{"id":27,"date":"2022-06-18T13:38:02","date_gmt":"2022-06-18T11:38:02","guid":{"rendered":"http:\/\/weezy.bplaced.net\/?page_id=27"},"modified":"2026-03-08T11:41:04","modified_gmt":"2026-03-08T10:41:04","slug":"was-ist-eule","status":"publish","type":"page","link":"http:\/\/weezy.bplaced.net\/?page_id=27","title":{"rendered":"Was ist EULE?"},"content":{"rendered":"\n<p class=\"has-text-align-center has-medium-font-size\"><strong>Wenn Jung und Alt sich neu begegnen &#8211; Sch\u00fclerlehrer unterrichten Seniorensch\u00fcler<\/strong><\/p>\n\n\n\n<div style=\"height:10px\" aria-hidden=\"true\" class=\"wp-block-spacer\"><\/div>\n\n\n\n<p>EULE nennt sich das Gemeinschaftsprojekt des Ludwig-Erhard-Berufskollegs des Kreises Paderborn und des Caritasverbandes Paderborn e.V., welches im Oktober 2008 gegr\u00fcndet wurde und seit Februar 2009 am Ludwig-Erhard-Berufskolleg in Paderborn durchgef\u00fchrt wird.<\/p>\n\n\n\n<div style=\"height:10px\" aria-hidden=\"true\" class=\"wp-block-spacer\"><\/div>\n\n\n\n<p class=\"has-text-align-left\">Der Name des Generationen verbindenen Projektes <strong>EULE<\/strong> steht f\u00fcr <strong>E<\/strong>rleben, <strong>U<\/strong>nterrichten, <strong>L<\/strong>ernen, <strong>E<\/strong>xperiementieren. F\u00fcr die einen hei\u00dft das, in entspannter Atmosph\u00e4re zu lernen, f\u00fcr die anderen Anerkennung zu bekommen, Selbstbewusstsein zu erwerben und Kompetenzen zu erlernen, die Ihnen auch im Alltag und Beruf weiterhelfen und n\u00fctzlich sein k\u00f6nnen: freies Reden, Teamarbeit, Verantwortung, Toleranz und Durchhalteverm\u00f6gen.<\/p>\n\n\n\n<div style=\"height:10px\" aria-hidden=\"true\" class=\"wp-block-spacer\"><\/div>\n\n\n\n<p>Jugendliche werden hier zu Lehrerinnen und Lehrern und unterrichten Seniorinnen und Senioren ab 55 Jahren in verschiedenen Kursen. Neben den &#8222;Klassikern&#8220; wie &#8222;Englisch&#8220;, &#8222;Laptop\/Computer&#8220; und &#8222;Umgang mit dem eigenen Smartphone\/Tablet&#8220; findet sich in diesem Schuljahr erstmals auch ein Kurs &#8222;Arabisch&#8220; (bis zum 19.03.2026) in unserem Kursangebot.<\/p>\n\n\n\n<p class=\"has-text-align-left\">Die sogenannten Sch\u00fclerlehrerinnen und Sch\u00fclerlehrer, die sich in kleinen Teams auf die Kurse vorbereiten, arbeiten auf ehrenamtlicher Basis. Es gibt keine Kursgeb\u00fchren!<\/p>\n\n\n\n<p class=\"has-text-align-left\"><\/p>\n\n\n\n<div style=\"height:10px\" aria-hidden=\"true\" class=\"wp-block-spacer\"><\/div>\n\n\n\n<p>Ein Service-Team verwandelt jeden Donnerstagnachmittag einen Klassenraum in ein Caf\u00e9 und \u00fcbernimmt dort die Bewirtung der G\u00e4ste.<\/p>\n\n\n\n<p>Im Caf\u00e9 EULE besteht f\u00fcr alle Beteiligten (Sch\u00fclerinnen und Sch\u00fcler, Seniorinnen und Senioren, Mitgliederinnen und Mitglieder des Betreuungsteams) die M\u00f6glichkeit, sich nach den einzelnen Kursen bei einer Tasse Kaffee oder Tee und Geb\u00e4ck zu netten Gespr\u00e4chen zu treffen. Auf diese Weise unterst\u00fctzt auch das Caf\u00e9 EULE die Bem\u00fchungen, die Begegnungen zwischen den Generationen zu vertiefen.<\/p>\n\n\n\n<p>Zu besonderen Anl\u00e4ssen, z. B. in der Adventszeit, an Weiberfastnacht etc., wird das Caf\u00e9 EULE vom Service-Team entsprechend eigenverantwortlich hergerichtet.&nbsp;<\/p>\n\n\n\n<p class=\"has-text-align-left\"><\/p>\n\n\n\n<div style=\"height:10px\" aria-hidden=\"true\" class=\"wp-block-spacer\"><\/div>\n\n\n\n<p>Erstmalig wurde dieses Projekt vom Caritasverband G\u00fctersloh e.V. ins Leben gerufen und wird seit September 1998 in Kooperation mit dem Gymnasium Nepomucenum in Rietberg durchgef\u00fchrt. N\u00e4here Informationen zu diesem Projekt finden Sie im Internet unter&nbsp;<a href=\"http:\/\/www.caritas-guetersloh.de\/\">www.caritas-guetersloh.de<\/a>&nbsp;oder&nbsp;<a href=\"http:\/\/www.nepomucenum-rietberg.de\/\">www.nepomucenum-rietberg.de<\/a>.<\/p>\n\n\n\n<p class=\"has-text-align-center\"><\/p>\n\n\n\n<div style=\"height:10px\" aria-hidden=\"true\" class=\"wp-block-spacer\"><\/div>\n\n\n\n<p>Das Ludwig-Erhard-Berufskolleg des Kreises Paderborn mit seiner Nebenstelle in B\u00fcren war unseres Kenntnisstandes her das erste Berufskolleg bundesweit an dem das Projekt EULE &#8211;  von Januar 2008 bis Dezember 2023 &#8211; durchgef\u00fchrt wird. Seit Februar 2009 wird das Projekt EULE parallel zum Schulort B\u00fcren auch an der Hauptstelle des Ludwig-Erhard-Berufskollegs in Paderborn durchgef\u00fchrt.<\/p>\n\n\n\n<p class=\"has-text-align-center\"><\/p>\n\n\n\n<div style=\"height:10px\" aria-hidden=\"true\" class=\"wp-block-spacer\"><\/div>\n\n\n\n<p>Schauen Sie doch einfach einmal unverbindlich bei uns herein und erleben Sie selbst die besondere Atmosph\u00e4re dieses Generationen verbindenden Projekts!<\/p>\n\n\n\n<p>Wir freuen uns auf Sie!<\/p>\n\n\n\n<div style=\"height:10px\" aria-hidden=\"true\" class=\"wp-block-spacer\"><\/div>\n","protected":false},"excerpt":{"rendered":"<p>Wenn Jung und Alt sich neu begegnen &#8211; Sch\u00fclerlehrer unterrichten Seniorensch\u00fcler EULE nennt sich das Gemeinschaftsprojekt des Ludwig-Erhard-Berufskollegs des Kreises Paderborn und des Caritasverbandes Paderborn e.V., welches im Oktober 2008 gegr\u00fcndet wurde und seit Februar 2009 am Ludwig-Erhard-Berufskolleg in Paderborn durchgef\u00fchrt wird. Der Name des Generationen verbindenen Projektes EULE steht f\u00fcr Erleben, Unterrichten, Lernen, Experiementieren. [&hellip;]<\/p>\n","protected":false},"author":2,"featured_media":0,"parent":0,"menu_order":0,"comment_status":"closed","ping_status":"closed","template":"","meta":{"footnotes":""},"tags":[],"class_list":["post-27","page","type-page","status-publish","hentry"],"_links":{"self":[{"href":"http:\/\/weezy.bplaced.net\/index.php?rest_route=\/wp\/v2\/pages\/27","targetHints":{"allow":["GET"]}}],"collection":[{"href":"http:\/\/weezy.bplaced.net\/index.php?rest_route=\/wp\/v2\/pages"}],"about":[{"href":"http:\/\/weezy.bplaced.net\/index.php?rest_route=\/wp\/v2\/types\/page"}],"author":[{"embeddable":true,"href":"http:\/\/weezy.bplaced.net\/index.php?rest_route=\/wp\/v2\/users\/2"}],"replies":[{"embeddable":true,"href":"http:\/\/weezy.bplaced.net\/index.php?rest_route=%2Fwp%2Fv2%2Fcomments&post=27"}],"version-history":[{"count":20,"href":"http:\/\/weezy.bplaced.net\/index.php?rest_route=\/wp\/v2\/pages\/27\/revisions"}],"predecessor-version":[{"id":1693,"href":"http:\/\/weezy.bplaced.net\/index.php?rest_route=\/wp\/v2\/pages\/27\/revisions\/1693"}],"wp:attachment":[{"href":"http:\/\/weezy.bplaced.net\/index.php?rest_route=%2Fwp%2Fv2%2Fmedia&parent=27"}],"wp:term":[{"taxonomy":"post_tag","embeddable":true,"href":"http:\/\/weezy.bplaced.net\/index.php?rest_route=%2Fwp%2Fv2%2Ftags&post=27"}],"curies":[{"name":"wp","href":"https:\/\/api.w.org\/{rel}","templated":true}]}}

<p class="has-text-align-center has-medium-font-size"><strong>Wenn Jung und Alt sich neu begegnen &#8211; Schülerlehrer unterrichten Seniorenschüler</strong></p>



<div style="height:10px" aria-hidden="true" class="wp-block-spacer"></div>



<p>EULE nennt sich das Gemeinschaftsprojekt des Ludwig-Erhard-Berufskollegs des Kreises Paderborn und des Caritasverbandes Paderborn e.V., welches im Oktober 2008 gegründet wurde und seit Februar 2009 am Ludwig-Erhard-Berufskolleg in Paderborn durchgeführt wird.</p>



<div style="height:10px" aria-hidden="true" class="wp-block-spacer"></div>



<p class="has-text-align-left">Der Name des Generationen verbindenen Projektes <strong>EULE</strong> steht für <strong>E</strong>rleben, <strong>U</strong>nterrichten, <strong>L</strong>ernen, <strong>E</strong>xperiementieren. Für die einen heißt das, in entspannter Atmosphäre zu lernen, für die anderen Anerkennung zu bekommen, Selbstbewusstsein zu erwerben und Kompetenzen zu erlernen, die Ihnen auch im Alltag und Beruf weiterhelfen und nützlich sein können: freies Reden, Teamarbeit, Verantwortung, Toleranz und Durchhaltevermögen.</p>



<div style="height:10px" aria-hidden="true" class="wp-block-spacer"></div>



<p>Jugendliche werden hier zu Lehrerinnen und Lehrern und unterrichten Seniorinnen und Senioren ab 55 Jahren in verschiedenen Kursen. Neben den &#8222;Klassikern&#8220; wie &#8222;Englisch&#8220;, &#8222;Laptop/Computer&#8220; und &#8222;Umgang mit dem eigenen Smartphone/Tablet&#8220; findet sich in diesem Schuljahr erstmals auch ein Kurs &#8222;Arabisch&#8220; (bis zum 19.03.2026) in unserem Kursangebot.</p>



<p class="has-text-align-left">Die sogenannten Schülerlehrerinnen und Schülerlehrer, die sich in kleinen Teams auf die Kurse vorbereiten, arbeiten auf ehrenamtlicher Basis. Es gibt keine Kursgebühren!</p>



<p class="has-text-align-left"></p>



<div style="height:10px" aria-hidden="true" class="wp-block-spacer"></div>



<p>Ein Service-Team verwandelt jeden Donnerstagnachmittag einen Klassenraum in ein Café und übernimmt dort die Bewirtung der Gäste.</p>



<p>Im Café EULE besteht für alle Beteiligten (Schülerinnen und Schüler, Seniorinnen und Senioren, Mitgliederinnen und Mitglieder des Betreuungsteams) die Möglichkeit, sich nach den einzelnen Kursen bei einer Tasse Kaffee oder Tee und Gebäck zu netten Gesprächen zu treffen. Auf diese Weise unterstützt auch das Café EULE die Bemühungen, die Begegnungen zwischen den Generationen zu vertiefen.</p>



<p>Zu besonderen Anlässen, z. B. in der Adventszeit, an Weiberfastnacht etc., wird das Café EULE vom Service-Team entsprechend eigenverantwortlich hergerichtet.&nbsp;</p>



<p class="has-text-align-left"></p>



<div style="height:10px" aria-hidden="true" class="wp-block-spacer"></div>



<p>Erstmalig wurde dieses Projekt vom Caritasverband Gütersloh e.V. ins Leben gerufen und wird seit September 1998 in Kooperation mit dem Gymnasium Nepomucenum in Rietberg durchgeführt. Nähere Informationen zu diesem Projekt finden Sie im Internet unter&nbsp;<a href="http://www.caritas-guetersloh.de/">www.caritas-guetersloh.de</a>&nbsp;oder&nbsp;<a href="http://www.nepomucenum-rietberg.de/">www.nepomucenum-rietberg.de</a>.</p>



<p class="has-text-align-center"></p>



<div style="height:10px" aria-hidden="true" class="wp-block-spacer"></div>



<p>Das Ludwig-Erhard-Berufskolleg des Kreises Paderborn mit seiner Nebenstelle in Büren war unseres Kenntnisstandes her das erste Berufskolleg bundesweit an dem das Projekt EULE &#8211;  von Januar 2008 bis Dezember 2023 &#8211; durchgeführt wird. Seit Februar 2009 wird das Projekt EULE parallel zum Schulort Büren auch an der Hauptstelle des Ludwig-Erhard-Berufskollegs in Paderborn durchgeführt.</p>



<p class="has-text-align-center"></p>



<div style="height:10px" aria-hidden="true" class="wp-block-spacer"></div>



<p>Schauen Sie doch einfach einmal unverbindlich bei uns herein und erleben Sie selbst die besondere Atmosphäre dieses Generationen verbindenden Projekts!</p>



<p>Wir freuen uns auf Sie!</p>



<div style="height:10px" aria-hidden="true" class="wp-block-spacer"></div>

<p>Wenn Jung und Alt sich neu begegnen &#8211; Schülerlehrer unterrichten Seniorenschüler EULE nennt sich das Gemeinschaftsprojekt des Ludwig-Erhard-Berufskollegs des Kreises Paderborn und des Caritasverbandes Paderborn e.V., welches im Oktober 2008 gegründet wurde und seit Februar 2009 am Ludwig-Erhard-Berufskolleg in Paderborn durchgeführt wird. Der Name des Generationen verbindenen Projektes EULE steht für Erleben, Unterrichten, Lernen, Experiementieren. [&hellip;]</p>
